{"id":118343,"date":"2025-10-09T10:50:19","date_gmt":"2025-10-09T08:50:19","guid":{"rendered":"https:\/\/www.velomobileworld.com\/product\/alpha-saede\/"},"modified":"2025-10-09T10:50:19","modified_gmt":"2025-10-09T08:50:19","slug":"alpha-saede","status":"publish","type":"product","link":"https:\/\/www.velomobileworld.com\/da\/vare\/alpha-saede\/","title":{"rendered":"Alpha-s\u00e6de"},"content":{"rendered":"<p data-path-to-node=\"4\"><b data-path-to-node=\"4\" data-index-in-node=\"0\">Alpha-s\u00e6de tilg\u00e6ngeligt til alle modeller: M, L, XL, samt Ergo-s\u00e6de i M, L, XL.<\/b><\/p>\n","protected":false},"excerpt":{"rendered":"<p>Denne pris er inklusiv forsendelse til EU-lande.<br data-start=\"186\" data-end=\"189\" \/>For andre lande vil du modtage en e-mail med detaljer, hvis vi ikke kan finde en forsendelsesmulighed, der holder sig inden for denne pris.<\/p>\n","protected":false},"featured_media":115651,"template":"","meta":{"_acf_changed":false},"product_brand":[],"product_cat":[986,987,988],"product_tag":[989],"class_list":{"0":"post-118343","1":"product","2":"type-product","3":"status-publish","4":"has-post-thumbnail","6":"product_cat-bulk-spare-parts-da","7":"product_cat-parts-da","8":"product_cat-spare-parts-others-da","9":"product_tag-bulk-models-da","11":"first","12":"instock","13":"taxable","14":"shipping-taxable","15":"purchasable","16":"product-type-simple"},"composite_virtual":false,"composite_layout":"","composite_add_to_cart_form_location":"","composite_editable_in_cart":false,"composite_sold_individually_context":"","composite_shop_price_calc":"","composite_components":[],"composite_scenarios":[],"bundled_by":[],"bundle_stock_status":"instock","bundle_stock_quantity":null,"bundle_virtual":false,"bundle_layout":"","bundle_add_to_cart_form_location":"","bundle_editable_in_cart":false,"bundle_sold_individually_context":"","bundle_item_grouping":"","bundle_min_size":"","bundle_max_size":"","bundle_price":[],"bundled_items":[],"bundle_sell_ids":[],"acf":[],"yoast_head":"<!-- This site is optimized with the Yoast SEO plugin v27.5 - https:\/\/yoast.com\/product\/yoast-seo-wordpress\/ -->\n<title>Alpha-s\u00e6de - Velomobile World<\/title>\n<meta name=\"description\" content=\"V\u00e6lg dit perfekte s\u00e6de \u2013 V\u00e6lg det s\u00e6de, der passer til din h\u00f8jde, dine pr\u00e6ferencer og din model. Vores Alpha-s\u00e6der f\u00e5s i M, L og XL og tilbyder komfort til alle modeller. Foretr\u00e6kker du ekstra st\u00f8tte? V\u00e6lg Ergo-s\u00e6det, der f\u00e5s i st\u00f8rrelserne M, L og XL, designet til ekstra ergonomi og komfort p\u00e5 lange k\u00f8reture.\" \/>\n<meta name=\"robots\" content=\"index, follow, max-snippet:-1, max-image-preview:large, max-video-preview:-1\" \/>\n<link rel=\"canonical\" href=\"https:\/\/www.velomobileworld.com\/product\/alpha-seat\/\" \/>\n<meta property=\"og:locale\" content=\"da_DK\" \/>\n<meta property=\"og:type\" content=\"article\" \/>\n<meta property=\"og:title\" content=\"Alpha-s\u00e6de - Velomobile World\" \/>\n<meta property=\"og:description\" content=\"V\u00e6lg dit perfekte s\u00e6de \u2013 V\u00e6lg det s\u00e6de, der passer til din h\u00f8jde, dine pr\u00e6ferencer og din model. Vores Alpha-s\u00e6der f\u00e5s i M, L og XL og tilbyder komfort til alle modeller. Foretr\u00e6kker du ekstra st\u00f8tte? V\u00e6lg Ergo-s\u00e6det, der f\u00e5s i st\u00f8rrelserne M, L og XL, designet til ekstra ergonomi og komfort p\u00e5 lange k\u00f8reture.\" \/>\n<meta property=\"og:url\" content=\"https:\/\/www.velomobileworld.com\/product\/alpha-seat\/\" \/>\n<meta property=\"og:site_name\" content=\"Velomobile World\" \/>\n<meta property=\"og:image\" content=\"https:\/\/www.velomobileworld.com\/wp-content\/uploads\/2025\/10\/Product-Promotion-Photo-Collage-Instagram-Post-1.png\" \/>\n\t<meta property=\"og:image:width\" content=\"1080\" \/>\n\t<meta property=\"og:image:height\" content=\"1080\" \/>\n\t<meta property=\"og:image:type\" content=\"image\/png\" \/>\n<meta name=\"twitter:card\" content=\"summary_large_image\" \/>\n<script type=\"application\/ld+json\" class=\"yoast-schema-graph\">{\"@context\":\"https:\\\/\\\/schema.org\",\"@graph\":[{\"@type\":\"WebPage\",\"@id\":\"https:\\\/\\\/www.velomobileworld.com\\\/product\\\/alpha-seat\\\/\",\"url\":\"https:\\\/\\\/www.velomobileworld.com\\\/product\\\/alpha-seat\\\/\",\"name\":\"Alpha-s\u00e6de - Velomobile World\",\"isPartOf\":{\"@id\":\"https:\\\/\\\/www.velomobileworld.com\\\/nl\\\/#website\"},\"primaryImageOfPage\":{\"@id\":\"https:\\\/\\\/www.velomobileworld.com\\\/product\\\/alpha-seat\\\/#primaryimage\"},\"image\":{\"@id\":\"https:\\\/\\\/www.velomobileworld.com\\\/product\\\/alpha-seat\\\/#primaryimage\"},\"thumbnailUrl\":\"https:\\\/\\\/www.velomobileworld.com\\\/wp-content\\\/uploads\\\/2025\\\/10\\\/Product-Promotion-Photo-Collage-Instagram-Post-1.png\",\"datePublished\":\"2025-10-09T08:50:19+00:00\",\"description\":\"V\u00e6lg dit perfekte s\u00e6de \u2013 V\u00e6lg det s\u00e6de, der passer til din h\u00f8jde, dine pr\u00e6ferencer og din model. Vores Alpha-s\u00e6der f\u00e5s i M, L og XL og tilbyder komfort til alle modeller. Foretr\u00e6kker du ekstra st\u00f8tte? V\u00e6lg Ergo-s\u00e6det, der f\u00e5s i st\u00f8rrelserne M, L og XL, designet til ekstra ergonomi og komfort p\u00e5 lange k\u00f8reture.\",\"breadcrumb\":{\"@id\":\"https:\\\/\\\/www.velomobileworld.com\\\/product\\\/alpha-seat\\\/#breadcrumb\"},\"inLanguage\":\"da-DK\",\"potentialAction\":[{\"@type\":\"ReadAction\",\"target\":[\"https:\\\/\\\/www.velomobileworld.com\\\/product\\\/alpha-seat\\\/\"]}]},{\"@type\":\"ImageObject\",\"inLanguage\":\"da-DK\",\"@id\":\"https:\\\/\\\/www.velomobileworld.com\\\/product\\\/alpha-seat\\\/#primaryimage\",\"url\":\"https:\\\/\\\/www.velomobileworld.com\\\/wp-content\\\/uploads\\\/2025\\\/10\\\/Product-Promotion-Photo-Collage-Instagram-Post-1.png\",\"contentUrl\":\"https:\\\/\\\/www.velomobileworld.com\\\/wp-content\\\/uploads\\\/2025\\\/10\\\/Product-Promotion-Photo-Collage-Instagram-Post-1.png\",\"width\":1080,\"height\":1080},{\"@type\":\"BreadcrumbList\",\"@id\":\"https:\\\/\\\/www.velomobileworld.com\\\/product\\\/alpha-seat\\\/#breadcrumb\",\"itemListElement\":[{\"@type\":\"ListItem\",\"position\":1,\"name\":\"Home\",\"item\":\"https:\\\/\\\/www.velomobileworld.com\\\/\"},{\"@type\":\"ListItem\",\"position\":2,\"name\":\"Shop\",\"item\":\"https:\\\/\\\/www.velomobileworld.com\\\/da\\\/shop\\\/\"},{\"@type\":\"ListItem\",\"position\":3,\"name\":\"Alpha-s\u00e6de\"}]},{\"@type\":\"WebSite\",\"@id\":\"https:\\\/\\\/www.velomobileworld.com\\\/nl\\\/#website\",\"url\":\"https:\\\/\\\/www.velomobileworld.com\\\/nl\\\/\",\"name\":\"Velomobile World\",\"description\":\"\",\"potentialAction\":[{\"@type\":\"SearchAction\",\"target\":{\"@type\":\"EntryPoint\",\"urlTemplate\":\"https:\\\/\\\/www.velomobileworld.com\\\/nl\\\/?s={search_term_string}\"},\"query-input\":{\"@type\":\"PropertyValueSpecification\",\"valueRequired\":true,\"valueName\":\"search_term_string\"}}],\"inLanguage\":\"da-DK\"}]}<\/script>\n<!-- \/ Yoast SEO plugin. -->","yoast_head_json":{"title":"Alpha-s\u00e6de - Velomobile World","description":"V\u00e6lg dit perfekte s\u00e6de \u2013 V\u00e6lg det s\u00e6de, der passer til din h\u00f8jde, dine pr\u00e6ferencer og din model. Vores Alpha-s\u00e6der f\u00e5s i M, L og XL og tilbyder komfort til alle modeller. Foretr\u00e6kker du ekstra st\u00f8tte? V\u00e6lg Ergo-s\u00e6det, der f\u00e5s i st\u00f8rrelserne M, L og XL, designet til ekstra ergonomi og komfort p\u00e5 lange k\u00f8reture.","robots":{"index":"index","follow":"follow","max-snippet":"max-snippet:-1","max-image-preview":"max-image-preview:large","max-video-preview":"max-video-preview:-1"},"canonical":"https:\/\/www.velomobileworld.com\/product\/alpha-seat\/","og_locale":"da_DK","og_type":"article","og_title":"Alpha-s\u00e6de - Velomobile World","og_description":"V\u00e6lg dit perfekte s\u00e6de \u2013 V\u00e6lg det s\u00e6de, der passer til din h\u00f8jde, dine pr\u00e6ferencer og din model. Vores Alpha-s\u00e6der f\u00e5s i M, L og XL og tilbyder komfort til alle modeller. Foretr\u00e6kker du ekstra st\u00f8tte? V\u00e6lg Ergo-s\u00e6det, der f\u00e5s i st\u00f8rrelserne M, L og XL, designet til ekstra ergonomi og komfort p\u00e5 lange k\u00f8reture.","og_url":"https:\/\/www.velomobileworld.com\/product\/alpha-seat\/","og_site_name":"Velomobile World","og_image":[{"width":1080,"height":1080,"url":"https:\/\/www.velomobileworld.com\/wp-content\/uploads\/2025\/10\/Product-Promotion-Photo-Collage-Instagram-Post-1.png","type":"image\/png"}],"twitter_card":"summary_large_image","schema":{"@context":"https:\/\/schema.org","@graph":[{"@type":"WebPage","@id":"https:\/\/www.velomobileworld.com\/product\/alpha-seat\/","url":"https:\/\/www.velomobileworld.com\/product\/alpha-seat\/","name":"Alpha-s\u00e6de - Velomobile World","isPartOf":{"@id":"https:\/\/www.velomobileworld.com\/nl\/#website"},"primaryImageOfPage":{"@id":"https:\/\/www.velomobileworld.com\/product\/alpha-seat\/#primaryimage"},"image":{"@id":"https:\/\/www.velomobileworld.com\/product\/alpha-seat\/#primaryimage"},"thumbnailUrl":"https:\/\/www.velomobileworld.com\/wp-content\/uploads\/2025\/10\/Product-Promotion-Photo-Collage-Instagram-Post-1.png","datePublished":"2025-10-09T08:50:19+00:00","description":"V\u00e6lg dit perfekte s\u00e6de \u2013 V\u00e6lg det s\u00e6de, der passer til din h\u00f8jde, dine pr\u00e6ferencer og din model. Vores Alpha-s\u00e6der f\u00e5s i M, L og XL og tilbyder komfort til alle modeller. Foretr\u00e6kker du ekstra st\u00f8tte? V\u00e6lg Ergo-s\u00e6det, der f\u00e5s i st\u00f8rrelserne M, L og XL, designet til ekstra ergonomi og komfort p\u00e5 lange k\u00f8reture.","breadcrumb":{"@id":"https:\/\/www.velomobileworld.com\/product\/alpha-seat\/#breadcrumb"},"inLanguage":"da-DK","potentialAction":[{"@type":"ReadAction","target":["https:\/\/www.velomobileworld.com\/product\/alpha-seat\/"]}]},{"@type":"ImageObject","inLanguage":"da-DK","@id":"https:\/\/www.velomobileworld.com\/product\/alpha-seat\/#primaryimage","url":"https:\/\/www.velomobileworld.com\/wp-content\/uploads\/2025\/10\/Product-Promotion-Photo-Collage-Instagram-Post-1.png","contentUrl":"https:\/\/www.velomobileworld.com\/wp-content\/uploads\/2025\/10\/Product-Promotion-Photo-Collage-Instagram-Post-1.png","width":1080,"height":1080},{"@type":"BreadcrumbList","@id":"https:\/\/www.velomobileworld.com\/product\/alpha-seat\/#breadcrumb","itemListElement":[{"@type":"ListItem","position":1,"name":"Home","item":"https:\/\/www.velomobileworld.com\/"},{"@type":"ListItem","position":2,"name":"Shop","item":"https:\/\/www.velomobileworld.com\/da\/shop\/"},{"@type":"ListItem","position":3,"name":"Alpha-s\u00e6de"}]},{"@type":"WebSite","@id":"https:\/\/www.velomobileworld.com\/nl\/#website","url":"https:\/\/www.velomobileworld.com\/nl\/","name":"Velomobile World","description":"","potentialAction":[{"@type":"SearchAction","target":{"@type":"EntryPoint","urlTemplate":"https:\/\/www.velomobileworld.com\/nl\/?s={search_term_string}"},"query-input":{"@type":"PropertyValueSpecification","valueRequired":true,"valueName":"search_term_string"}}],"inLanguage":"da-DK"}]}},"_links":{"self":[{"href":"https:\/\/www.velomobileworld.com\/da\/wp-json\/wp\/v2\/product\/118343","targetHints":{"allow":["GET"]}}],"collection":[{"href":"https:\/\/www.velomobileworld.com\/da\/wp-json\/wp\/v2\/product"}],"about":[{"href":"https:\/\/www.velomobileworld.com\/da\/wp-json\/wp\/v2\/types\/product"}],"wp:featuredmedia":[{"embeddable":true,"href":"https:\/\/www.velomobileworld.com\/da\/wp-json\/wp\/v2\/media\/115651"}],"wp:attachment":[{"href":"https:\/\/www.velomobileworld.com\/da\/wp-json\/wp\/v2\/media?parent=118343"}],"wp:term":[{"taxonomy":"product_brand","embeddable":true,"href":"https:\/\/www.velomobileworld.com\/da\/wp-json\/wp\/v2\/product_brand?post=118343"},{"taxonomy":"product_cat","embeddable":true,"href":"https:\/\/www.velomobileworld.com\/da\/wp-json\/wp\/v2\/product_cat?post=118343"},{"taxonomy":"product_tag","embeddable":true,"href":"https:\/\/www.velomobileworld.com\/da\/wp-json\/wp\/v2\/product_tag?post=118343"}],"curies":[{"name":"wp","href":"https:\/\/api.w.org\/{rel}","templated":true}]}}

Alpha-sæde

<p data-path-to-node="4"><b data-path-to-node="4" data-index-in-node="0">Alpha-sæde tilgængeligt til alle modeller: M, L, XL, samt Ergo-sæde i M, L, XL.</b></p>

<!-- This site is optimized with the Yoast SEO plugin v27.5 - https://yoast.com/product/yoast-seo-wordpress/ -->
<title>Alpha-sæde - Velomobile World</title>
<meta name="description" content="Vælg dit perfekte sæde – Vælg det sæde, der passer til din højde, dine præferencer og din model. Vores Alpha-sæder fås i M, L og XL og tilbyder komfort til alle modeller. Foretrækker du ekstra støtte? Vælg Ergo-sædet, der fås i størrelserne M, L og XL, designet til ekstra ergonomi og komfort på lange køreture." />
<meta name="robots" content="index, follow, max-snippet:-1, max-image-preview:large, max-video-preview:-1" />
<link rel="canonical" href="https://www.velomobileworld.com/product/alpha-seat/" />
<meta property="og:locale" content="da_DK" />
<meta property="og:type" content="article" />
<meta property="og:title" content="Alpha-sæde - Velomobile World" />
<meta property="og:description" content="Vælg dit perfekte sæde – Vælg det sæde, der passer til din højde, dine præferencer og din model. Vores Alpha-sæder fås i M, L og XL og tilbyder komfort til alle modeller. Foretrækker du ekstra støtte? Vælg Ergo-sædet, der fås i størrelserne M, L og XL, designet til ekstra ergonomi og komfort på lange køreture." />
<meta property="og:url" content="https://www.velomobileworld.com/product/alpha-seat/" />
<meta property="og:site_name" content="Velomobile World" />
<meta property="og:image" content="https://www.velomobileworld.com/wp-content/uploads/2025/10/Product-Promotion-Photo-Collage-Instagram-Post-1.png" />
	<meta property="og:image:width" content="1080" />
	<meta property="og:image:height" content="1080" />
	<meta property="og:image:type" content="image/png" />
<meta name="twitter:card" content="summary_large_image" />
<script type="application/ld+json" class="yoast-schema-graph">{"@context":"https:\/\/schema.org","@graph":[{"@type":"WebPage","@id":"https:\/\/www.velomobileworld.com\/product\/alpha-seat\/","url":"https:\/\/www.velomobileworld.com\/product\/alpha-seat\/","name":"Alpha-sæde - Velomobile World","isPartOf":{"@id":"https:\/\/www.velomobileworld.com\/nl\/#website"},"primaryImageOfPage":{"@id":"https:\/\/www.velomobileworld.com\/product\/alpha-seat\/#primaryimage"},"image":{"@id":"https:\/\/www.velomobileworld.com\/product\/alpha-seat\/#primaryimage"},"thumbnailUrl":"https:\/\/www.velomobileworld.com\/wp-content\/uploads\/2025\/10\/Product-Promotion-Photo-Collage-Instagram-Post-1.png","datePublished":"2025-10-09T08:50:19+00:00","description":"Vælg dit perfekte sæde – Vælg det sæde, der passer til din højde, dine præferencer og din model. Vores Alpha-sæder fås i M, L og XL og tilbyder komfort til alle modeller. Foretrækker du ekstra støtte? Vælg Ergo-sædet, der fås i størrelserne M, L og XL, designet til ekstra ergonomi og komfort på lange køreture.","breadcrumb":{"@id":"https:\/\/www.velomobileworld.com\/product\/alpha-seat\/#breadcrumb"},"inLanguage":"da-DK","potentialAction":[{"@type":"ReadAction","target":["https:\/\/www.velomobileworld.com\/product\/alpha-seat\/"]}]},{"@type":"ImageObject","inLanguage":"da-DK","@id":"https:\/\/www.velomobileworld.com\/product\/alpha-seat\/#primaryimage","url":"https:\/\/www.velomobileworld.com\/wp-content\/uploads\/2025\/10\/Product-Promotion-Photo-Collage-Instagram-Post-1.png","contentUrl":"https:\/\/www.velomobileworld.com\/wp-content\/uploads\/2025\/10\/Product-Promotion-Photo-Collage-Instagram-Post-1.png","width":1080,"height":1080},{"@type":"BreadcrumbList","@id":"https:\/\/www.velomobileworld.com\/product\/alpha-seat\/#breadcrumb","itemListElement":[{"@type":"ListItem","position":1,"name":"Home","item":"https:\/\/www.velomobileworld.com\/"},{"@type":"ListItem","position":2,"name":"Shop","item":"https:\/\/www.velomobileworld.com\/da\/shop\/"},{"@type":"ListItem","position":3,"name":"Alpha-sæde"}]},{"@type":"WebSite","@id":"https:\/\/www.velomobileworld.com\/nl\/#website","url":"https:\/\/www.velomobileworld.com\/nl\/","name":"Velomobile World","description":"","potentialAction":[{"@type":"SearchAction","target":{"@type":"EntryPoint","urlTemplate":"https:\/\/www.velomobileworld.com\/nl\/?s={search_term_string}"},"query-input":{"@type":"PropertyValueSpecification","valueRequired":true,"valueName":"search_term_string"}}],"inLanguage":"da-DK"}]}</script>
<!-- / Yoast SEO plugin. -->

Alpha-sæde - Velomobile World

Vælg dit perfekte sæde – Vælg det sæde, der passer til din højde, dine præferencer og din model. Vores Alpha-sæder fås i M, L og XL og tilbyder komfort til alle modeller. Foretrækker du ekstra støtte? Vælg Ergo-sædet, der fås i størrelserne M, L og XL, designet til ekstra ergonomi og komfort på lange køreture.
