{"id":98264,"date":"2024-12-11T21:54:14","date_gmt":"2024-12-11T20:54:14","guid":{"rendered":"https:\/\/www.velomobileworld.com\/faq\/ist-der-urban-fuer-wettbewerbe-geeignet\/"},"modified":"2024-12-11T21:54:14","modified_gmt":"2024-12-11T20:54:14","slug":"ist-der-urban-fuer-wettbewerbe-geeignet","status":"publish","type":"faq","link":"https:\/\/www.velomobileworld.com\/de\/faq\/ist-der-urban-fuer-wettbewerbe-geeignet\/","title":{"rendered":"Ist der Urban f\u00fcr Wettbewerbe geeignet?"},"content":{"rendered":"<p>Absolut. Obwohl f\u00fcr den st\u00e4dtischen Gebrauch optimiert, beh\u00e4lt der Urban hervorragende aerodynamische Eigenschaften bei, die ihn ideal f\u00fcr Wettbewerbe und Langstreckenveranstaltungen machen. Viele unserer Kunden nutzen ihn sowohl f\u00fcr den t\u00e4glichen Arbeitsweg als auch f\u00fcr den Wettkampfsport.<\/p>\n","protected":false},"featured_media":0,"template":"","faqs_cat":[717],"class_list":["post-98264","faq","type-faq","status-publish","hentry","faqs_cat-bulk-urban"],"acf":[],"yoast_head":"<!-- This site is optimized with the Yoast SEO plugin v27.5 - https:\/\/yoast.com\/product\/yoast-seo-wordpress\/ -->\n<title>Ist der Urban f\u00fcr Wettbewerbe geeignet? - Velomobile World<\/title>\n<meta name=\"robots\" content=\"index, follow, max-snippet:-1, max-image-preview:large, max-video-preview:-1\" \/>\n<link rel=\"canonical\" href=\"https:\/\/www.velomobileworld.com\/faq\/ist-der-urban-fuer-wettbewerbe-geeignet\/\" \/>\n<meta property=\"og:locale\" content=\"de_DE\" \/>\n<meta property=\"og:type\" content=\"article\" \/>\n<meta property=\"og:title\" content=\"Ist der Urban f\u00fcr Wettbewerbe geeignet? - Velomobile World\" \/>\n<meta property=\"og:description\" content=\"Absolut. Obwohl f\u00fcr den st\u00e4dtischen Gebrauch optimiert, beh\u00e4lt der Urban hervorragende aerodynamische Eigenschaften bei, die ihn ideal f\u00fcr Wettbewerbe und [&hellip;]\" \/>\n<meta property=\"og:url\" content=\"https:\/\/www.velomobileworld.com\/faq\/ist-der-urban-fuer-wettbewerbe-geeignet\/\" \/>\n<meta property=\"og:site_name\" content=\"Velomobile World\" \/>\n<meta name=\"twitter:card\" content=\"summary_large_image\" \/>\n<script type=\"application\/ld+json\" class=\"yoast-schema-graph\">{\"@context\":\"https:\\\/\\\/schema.org\",\"@graph\":[{\"@type\":\"WebPage\",\"@id\":\"https:\\\/\\\/www.velomobileworld.com\\\/faq\\\/ist-der-urban-fuer-wettbewerbe-geeignet\\\/\",\"url\":\"https:\\\/\\\/www.velomobileworld.com\\\/faq\\\/ist-der-urban-fuer-wettbewerbe-geeignet\\\/\",\"name\":\"Ist der Urban f\u00fcr Wettbewerbe geeignet? - Velomobile World\",\"isPartOf\":{\"@id\":\"https:\\\/\\\/www.velomobileworld.com\\\/nl\\\/#website\"},\"datePublished\":\"2024-12-11T20:54:14+00:00\",\"breadcrumb\":{\"@id\":\"https:\\\/\\\/www.velomobileworld.com\\\/faq\\\/ist-der-urban-fuer-wettbewerbe-geeignet\\\/#breadcrumb\"},\"inLanguage\":\"de\",\"potentialAction\":[{\"@type\":\"ReadAction\",\"target\":[\"https:\\\/\\\/www.velomobileworld.com\\\/faq\\\/ist-der-urban-fuer-wettbewerbe-geeignet\\\/\"]}]},{\"@type\":\"BreadcrumbList\",\"@id\":\"https:\\\/\\\/www.velomobileworld.com\\\/faq\\\/ist-der-urban-fuer-wettbewerbe-geeignet\\\/#breadcrumb\",\"itemListElement\":[{\"@type\":\"ListItem\",\"position\":1,\"name\":\"Home\",\"item\":\"https:\\\/\\\/www.velomobileworld.com\\\/\"},{\"@type\":\"ListItem\",\"position\":2,\"name\":\"FAQ\",\"item\":\"https:\\\/\\\/www.velomobileworld.com\\\/faq\\\/\"},{\"@type\":\"ListItem\",\"position\":3,\"name\":\"Ist der Urban f\u00fcr Wettbewerbe geeignet?\"}]},{\"@type\":\"WebSite\",\"@id\":\"https:\\\/\\\/www.velomobileworld.com\\\/nl\\\/#website\",\"url\":\"https:\\\/\\\/www.velomobileworld.com\\\/nl\\\/\",\"name\":\"Velomobile World\",\"description\":\"\",\"potentialAction\":[{\"@type\":\"SearchAction\",\"target\":{\"@type\":\"EntryPoint\",\"urlTemplate\":\"https:\\\/\\\/www.velomobileworld.com\\\/nl\\\/?s={search_term_string}\"},\"query-input\":{\"@type\":\"PropertyValueSpecification\",\"valueRequired\":true,\"valueName\":\"search_term_string\"}}],\"inLanguage\":\"de\"}]}<\/script>\n<!-- \/ Yoast SEO plugin. -->","yoast_head_json":{"title":"Ist der Urban f\u00fcr Wettbewerbe geeignet? - Velomobile World","robots":{"index":"index","follow":"follow","max-snippet":"max-snippet:-1","max-image-preview":"max-image-preview:large","max-video-preview":"max-video-preview:-1"},"canonical":"https:\/\/www.velomobileworld.com\/faq\/ist-der-urban-fuer-wettbewerbe-geeignet\/","og_locale":"de_DE","og_type":"article","og_title":"Ist der Urban f\u00fcr Wettbewerbe geeignet? - Velomobile World","og_description":"Absolut. Obwohl f\u00fcr den st\u00e4dtischen Gebrauch optimiert, beh\u00e4lt der Urban hervorragende aerodynamische Eigenschaften bei, die ihn ideal f\u00fcr Wettbewerbe und [&hellip;]","og_url":"https:\/\/www.velomobileworld.com\/faq\/ist-der-urban-fuer-wettbewerbe-geeignet\/","og_site_name":"Velomobile World","twitter_card":"summary_large_image","schema":{"@context":"https:\/\/schema.org","@graph":[{"@type":"WebPage","@id":"https:\/\/www.velomobileworld.com\/faq\/ist-der-urban-fuer-wettbewerbe-geeignet\/","url":"https:\/\/www.velomobileworld.com\/faq\/ist-der-urban-fuer-wettbewerbe-geeignet\/","name":"Ist der Urban f\u00fcr Wettbewerbe geeignet? - Velomobile World","isPartOf":{"@id":"https:\/\/www.velomobileworld.com\/nl\/#website"},"datePublished":"2024-12-11T20:54:14+00:00","breadcrumb":{"@id":"https:\/\/www.velomobileworld.com\/faq\/ist-der-urban-fuer-wettbewerbe-geeignet\/#breadcrumb"},"inLanguage":"de","potentialAction":[{"@type":"ReadAction","target":["https:\/\/www.velomobileworld.com\/faq\/ist-der-urban-fuer-wettbewerbe-geeignet\/"]}]},{"@type":"BreadcrumbList","@id":"https:\/\/www.velomobileworld.com\/faq\/ist-der-urban-fuer-wettbewerbe-geeignet\/#breadcrumb","itemListElement":[{"@type":"ListItem","position":1,"name":"Home","item":"https:\/\/www.velomobileworld.com\/"},{"@type":"ListItem","position":2,"name":"FAQ","item":"https:\/\/www.velomobileworld.com\/faq\/"},{"@type":"ListItem","position":3,"name":"Ist der Urban f\u00fcr Wettbewerbe geeignet?"}]},{"@type":"WebSite","@id":"https:\/\/www.velomobileworld.com\/nl\/#website","url":"https:\/\/www.velomobileworld.com\/nl\/","name":"Velomobile World","description":"","potentialAction":[{"@type":"SearchAction","target":{"@type":"EntryPoint","urlTemplate":"https:\/\/www.velomobileworld.com\/nl\/?s={search_term_string}"},"query-input":{"@type":"PropertyValueSpecification","valueRequired":true,"valueName":"search_term_string"}}],"inLanguage":"de"}]}},"_links":{"self":[{"href":"https:\/\/www.velomobileworld.com\/de\/wp-json\/wp\/v2\/faq\/98264","targetHints":{"allow":["GET"]}}],"collection":[{"href":"https:\/\/www.velomobileworld.com\/de\/wp-json\/wp\/v2\/faq"}],"about":[{"href":"https:\/\/www.velomobileworld.com\/de\/wp-json\/wp\/v2\/types\/faq"}],"wp:attachment":[{"href":"https:\/\/www.velomobileworld.com\/de\/wp-json\/wp\/v2\/media?parent=98264"}],"wp:term":[{"taxonomy":"faqs_cat","embeddable":true,"href":"https:\/\/www.velomobileworld.com\/de\/wp-json\/wp\/v2\/faqs_cat?post=98264"}],"curies":[{"name":"wp","href":"https:\/\/api.w.org\/{rel}","templated":true}]}}

Ist der Urban für Wettbewerbe geeignet?

<p>Absolut. Obwohl für den städtischen Gebrauch optimiert, behält der Urban hervorragende aerodynamische Eigenschaften bei, die ihn ideal für Wettbewerbe und Langstreckenveranstaltungen machen. Viele unserer Kunden nutzen ihn sowohl für den täglichen Arbeitsweg als auch für den Wettkampfsport.</p>

<!-- This site is optimized with the Yoast SEO plugin v27.5 - https://yoast.com/product/yoast-seo-wordpress/ -->
<title>Ist der Urban für Wettbewerbe geeignet? - Velomobile World</title>
<meta name="robots" content="index, follow, max-snippet:-1, max-image-preview:large, max-video-preview:-1" />
<link rel="canonical" href="https://www.velomobileworld.com/faq/ist-der-urban-fuer-wettbewerbe-geeignet/" />
<meta property="og:locale" content="de_DE" />
<meta property="og:type" content="article" />
<meta property="og:title" content="Ist der Urban für Wettbewerbe geeignet? - Velomobile World" />
<meta property="og:description" content="Absolut. Obwohl für den städtischen Gebrauch optimiert, behält der Urban hervorragende aerodynamische Eigenschaften bei, die ihn ideal für Wettbewerbe und [&hellip;]" />
<meta property="og:url" content="https://www.velomobileworld.com/faq/ist-der-urban-fuer-wettbewerbe-geeignet/" />
<meta property="og:site_name" content="Velomobile World" />
<meta name="twitter:card" content="summary_large_image" />
<script type="application/ld+json" class="yoast-schema-graph">{"@context":"https:\/\/schema.org","@graph":[{"@type":"WebPage","@id":"https:\/\/www.velomobileworld.com\/faq\/ist-der-urban-fuer-wettbewerbe-geeignet\/","url":"https:\/\/www.velomobileworld.com\/faq\/ist-der-urban-fuer-wettbewerbe-geeignet\/","name":"Ist der Urban für Wettbewerbe geeignet? - Velomobile World","isPartOf":{"@id":"https:\/\/www.velomobileworld.com\/nl\/#website"},"datePublished":"2024-12-11T20:54:14+00:00","breadcrumb":{"@id":"https:\/\/www.velomobileworld.com\/faq\/ist-der-urban-fuer-wettbewerbe-geeignet\/#breadcrumb"},"inLanguage":"de","potentialAction":[{"@type":"ReadAction","target":["https:\/\/www.velomobileworld.com\/faq\/ist-der-urban-fuer-wettbewerbe-geeignet\/"]}]},{"@type":"BreadcrumbList","@id":"https:\/\/www.velomobileworld.com\/faq\/ist-der-urban-fuer-wettbewerbe-geeignet\/#breadcrumb","itemListElement":[{"@type":"ListItem","position":1,"name":"Home","item":"https:\/\/www.velomobileworld.com\/"},{"@type":"ListItem","position":2,"name":"FAQ","item":"https:\/\/www.velomobileworld.com\/faq\/"},{"@type":"ListItem","position":3,"name":"Ist der Urban für Wettbewerbe geeignet?"}]},{"@type":"WebSite","@id":"https:\/\/www.velomobileworld.com\/nl\/#website","url":"https:\/\/www.velomobileworld.com\/nl\/","name":"Velomobile World","description":"","potentialAction":[{"@type":"SearchAction","target":{"@type":"EntryPoint","urlTemplate":"https:\/\/www.velomobileworld.com\/nl\/?s={search_term_string}"},"query-input":{"@type":"PropertyValueSpecification","valueRequired":true,"valueName":"search_term_string"}}],"inLanguage":"de"}]}</script>
<!-- / Yoast SEO plugin. -->

Ist der Urban für Wettbewerbe geeignet? - Velomobile World

Absolut. Obwohl für den städtischen Gebrauch optimiert, behält der Urban hervorragende aerodynamische Eigenschaften bei, die ihn ideal für Wettbewerbe und [&hellip;]
