{"id":98197,"date":"2025-01-06T14:50:46","date_gmt":"2025-01-06T13:50:46","guid":{"rendered":"https:\/\/www.velomobileworld.com\/faq\/puis-je-utiliser-le-m9-pour-mes-trajets-quotidiens\/"},"modified":"2025-01-06T14:50:46","modified_gmt":"2025-01-06T13:50:46","slug":"puis-je-utiliser-le-m9-pour-mes-trajets-quotidiens","status":"publish","type":"faq","link":"https:\/\/www.velomobileworld.com\/fr\/faq\/puis-je-utiliser-le-m9-pour-mes-trajets-quotidiens\/","title":{"rendered":"Puis-je utiliser le M9 pour mes trajets quotidiens ?"},"content":{"rendered":"<p>Le M9 est id\u00e9al pour les trajets quotidiens, offrant une protection contre les intemp\u00e9ries, un espace de rangement pour les affaires de travail et une grande maniabilit\u00e9 en milieu urbain. Sa largeur lui permet de passer par des portes standard, ce qui le rend pratique pour un usage quotidien.<\/p>\n","protected":false},"featured_media":0,"template":"","faqs_cat":[80],"class_list":["post-98197","faq","type-faq","status-publish","hentry","faqs_cat-alpha-m9"],"acf":[],"yoast_head":"<!-- This site is optimized with the Yoast SEO plugin v27.5 - https:\/\/yoast.com\/product\/yoast-seo-wordpress\/ -->\n<title>Puis-je utiliser le M9 pour mes trajets quotidiens ? - Velomobile World<\/title>\n<meta name=\"robots\" content=\"index, follow, max-snippet:-1, max-image-preview:large, max-video-preview:-1\" \/>\n<link rel=\"canonical\" href=\"https:\/\/www.velomobileworld.com\/faq\/puis-je-utiliser-le-m9-pour-mes-trajets-quotidiens\/\" \/>\n<meta property=\"og:locale\" content=\"fr_FR\" \/>\n<meta property=\"og:type\" content=\"article\" \/>\n<meta property=\"og:title\" content=\"Puis-je utiliser le M9 pour mes trajets quotidiens ? - Velomobile World\" \/>\n<meta property=\"og:description\" content=\"Le M9 est id\u00e9al pour les trajets quotidiens, offrant une protection contre les intemp\u00e9ries, un espace de rangement pour les [&hellip;]\" \/>\n<meta property=\"og:url\" content=\"https:\/\/www.velomobileworld.com\/faq\/puis-je-utiliser-le-m9-pour-mes-trajets-quotidiens\/\" \/>\n<meta property=\"og:site_name\" content=\"Velomobile World\" \/>\n<meta name=\"twitter:card\" content=\"summary_large_image\" \/>\n<script type=\"application\/ld+json\" class=\"yoast-schema-graph\">{\"@context\":\"https:\\\/\\\/schema.org\",\"@graph\":[{\"@type\":\"WebPage\",\"@id\":\"https:\\\/\\\/www.velomobileworld.com\\\/faq\\\/puis-je-utiliser-le-m9-pour-mes-trajets-quotidiens\\\/\",\"url\":\"https:\\\/\\\/www.velomobileworld.com\\\/faq\\\/puis-je-utiliser-le-m9-pour-mes-trajets-quotidiens\\\/\",\"name\":\"Puis-je utiliser le M9 pour mes trajets quotidiens ? - Velomobile World\",\"isPartOf\":{\"@id\":\"https:\\\/\\\/www.velomobileworld.com\\\/nl\\\/#website\"},\"datePublished\":\"2025-01-06T13:50:46+00:00\",\"breadcrumb\":{\"@id\":\"https:\\\/\\\/www.velomobileworld.com\\\/faq\\\/puis-je-utiliser-le-m9-pour-mes-trajets-quotidiens\\\/#breadcrumb\"},\"inLanguage\":\"fr-FR\",\"potentialAction\":[{\"@type\":\"ReadAction\",\"target\":[\"https:\\\/\\\/www.velomobileworld.com\\\/faq\\\/puis-je-utiliser-le-m9-pour-mes-trajets-quotidiens\\\/\"]}]},{\"@type\":\"BreadcrumbList\",\"@id\":\"https:\\\/\\\/www.velomobileworld.com\\\/faq\\\/puis-je-utiliser-le-m9-pour-mes-trajets-quotidiens\\\/#breadcrumb\",\"itemListElement\":[{\"@type\":\"ListItem\",\"position\":1,\"name\":\"Home\",\"item\":\"https:\\\/\\\/www.velomobileworld.com\\\/fr\\\/\"},{\"@type\":\"ListItem\",\"position\":2,\"name\":\"FAQ\",\"item\":\"https:\\\/\\\/www.velomobileworld.com\\\/faq\\\/\"},{\"@type\":\"ListItem\",\"position\":3,\"name\":\"Puis-je utiliser le M9 pour mes trajets quotidiens ?\"}]},{\"@type\":\"WebSite\",\"@id\":\"https:\\\/\\\/www.velomobileworld.com\\\/nl\\\/#website\",\"url\":\"https:\\\/\\\/www.velomobileworld.com\\\/nl\\\/\",\"name\":\"Velomobile World\",\"description\":\"\",\"potentialAction\":[{\"@type\":\"SearchAction\",\"target\":{\"@type\":\"EntryPoint\",\"urlTemplate\":\"https:\\\/\\\/www.velomobileworld.com\\\/nl\\\/?s={search_term_string}\"},\"query-input\":{\"@type\":\"PropertyValueSpecification\",\"valueRequired\":true,\"valueName\":\"search_term_string\"}}],\"inLanguage\":\"fr-FR\"}]}<\/script>\n<!-- \/ Yoast SEO plugin. -->","yoast_head_json":{"title":"Puis-je utiliser le M9 pour mes trajets quotidiens ? - Velomobile World","robots":{"index":"index","follow":"follow","max-snippet":"max-snippet:-1","max-image-preview":"max-image-preview:large","max-video-preview":"max-video-preview:-1"},"canonical":"https:\/\/www.velomobileworld.com\/faq\/puis-je-utiliser-le-m9-pour-mes-trajets-quotidiens\/","og_locale":"fr_FR","og_type":"article","og_title":"Puis-je utiliser le M9 pour mes trajets quotidiens ? - Velomobile World","og_description":"Le M9 est id\u00e9al pour les trajets quotidiens, offrant une protection contre les intemp\u00e9ries, un espace de rangement pour les [&hellip;]","og_url":"https:\/\/www.velomobileworld.com\/faq\/puis-je-utiliser-le-m9-pour-mes-trajets-quotidiens\/","og_site_name":"Velomobile World","twitter_card":"summary_large_image","schema":{"@context":"https:\/\/schema.org","@graph":[{"@type":"WebPage","@id":"https:\/\/www.velomobileworld.com\/faq\/puis-je-utiliser-le-m9-pour-mes-trajets-quotidiens\/","url":"https:\/\/www.velomobileworld.com\/faq\/puis-je-utiliser-le-m9-pour-mes-trajets-quotidiens\/","name":"Puis-je utiliser le M9 pour mes trajets quotidiens ? - Velomobile World","isPartOf":{"@id":"https:\/\/www.velomobileworld.com\/nl\/#website"},"datePublished":"2025-01-06T13:50:46+00:00","breadcrumb":{"@id":"https:\/\/www.velomobileworld.com\/faq\/puis-je-utiliser-le-m9-pour-mes-trajets-quotidiens\/#breadcrumb"},"inLanguage":"fr-FR","potentialAction":[{"@type":"ReadAction","target":["https:\/\/www.velomobileworld.com\/faq\/puis-je-utiliser-le-m9-pour-mes-trajets-quotidiens\/"]}]},{"@type":"BreadcrumbList","@id":"https:\/\/www.velomobileworld.com\/faq\/puis-je-utiliser-le-m9-pour-mes-trajets-quotidiens\/#breadcrumb","itemListElement":[{"@type":"ListItem","position":1,"name":"Home","item":"https:\/\/www.velomobileworld.com\/fr\/"},{"@type":"ListItem","position":2,"name":"FAQ","item":"https:\/\/www.velomobileworld.com\/faq\/"},{"@type":"ListItem","position":3,"name":"Puis-je utiliser le M9 pour mes trajets quotidiens ?"}]},{"@type":"WebSite","@id":"https:\/\/www.velomobileworld.com\/nl\/#website","url":"https:\/\/www.velomobileworld.com\/nl\/","name":"Velomobile World","description":"","potentialAction":[{"@type":"SearchAction","target":{"@type":"EntryPoint","urlTemplate":"https:\/\/www.velomobileworld.com\/nl\/?s={search_term_string}"},"query-input":{"@type":"PropertyValueSpecification","valueRequired":true,"valueName":"search_term_string"}}],"inLanguage":"fr-FR"}]}},"_links":{"self":[{"href":"https:\/\/www.velomobileworld.com\/fr\/wp-json\/wp\/v2\/faq\/98197","targetHints":{"allow":["GET"]}}],"collection":[{"href":"https:\/\/www.velomobileworld.com\/fr\/wp-json\/wp\/v2\/faq"}],"about":[{"href":"https:\/\/www.velomobileworld.com\/fr\/wp-json\/wp\/v2\/types\/faq"}],"wp:attachment":[{"href":"https:\/\/www.velomobileworld.com\/fr\/wp-json\/wp\/v2\/media?parent=98197"}],"wp:term":[{"taxonomy":"faqs_cat","embeddable":true,"href":"https:\/\/www.velomobileworld.com\/fr\/wp-json\/wp\/v2\/faqs_cat?post=98197"}],"curies":[{"name":"wp","href":"https:\/\/api.w.org\/{rel}","templated":true}]}}

<p>Le M9 est idéal pour les trajets quotidiens, offrant une protection contre les intempéries, un espace de rangement pour les affaires de travail et une grande maniabilité en milieu urbain. Sa largeur lui permet de passer par des portes standard, ce qui le rend pratique pour un usage quotidien.</p>

<!-- This site is optimized with the Yoast SEO plugin v27.5 - https://yoast.com/product/yoast-seo-wordpress/ -->
<title>Puis-je utiliser le M9 pour mes trajets quotidiens ? - Velomobile World</title>
<meta name="robots" content="index, follow, max-snippet:-1, max-image-preview:large, max-video-preview:-1" />
<link rel="canonical" href="https://www.velomobileworld.com/faq/puis-je-utiliser-le-m9-pour-mes-trajets-quotidiens/" />
<meta property="og:locale" content="fr_FR" />
<meta property="og:type" content="article" />
<meta property="og:title" content="Puis-je utiliser le M9 pour mes trajets quotidiens ? - Velomobile World" />
<meta property="og:description" content="Le M9 est idéal pour les trajets quotidiens, offrant une protection contre les intempéries, un espace de rangement pour les [&hellip;]" />
<meta property="og:url" content="https://www.velomobileworld.com/faq/puis-je-utiliser-le-m9-pour-mes-trajets-quotidiens/" />
<meta property="og:site_name" content="Velomobile World" />
<meta name="twitter:card" content="summary_large_image" />
<script type="application/ld+json" class="yoast-schema-graph">{"@context":"https:\/\/schema.org","@graph":[{"@type":"WebPage","@id":"https:\/\/www.velomobileworld.com\/faq\/puis-je-utiliser-le-m9-pour-mes-trajets-quotidiens\/","url":"https:\/\/www.velomobileworld.com\/faq\/puis-je-utiliser-le-m9-pour-mes-trajets-quotidiens\/","name":"Puis-je utiliser le M9 pour mes trajets quotidiens ? - Velomobile World","isPartOf":{"@id":"https:\/\/www.velomobileworld.com\/nl\/#website"},"datePublished":"2025-01-06T13:50:46+00:00","breadcrumb":{"@id":"https:\/\/www.velomobileworld.com\/faq\/puis-je-utiliser-le-m9-pour-mes-trajets-quotidiens\/#breadcrumb"},"inLanguage":"fr-FR","potentialAction":[{"@type":"ReadAction","target":["https:\/\/www.velomobileworld.com\/faq\/puis-je-utiliser-le-m9-pour-mes-trajets-quotidiens\/"]}]},{"@type":"BreadcrumbList","@id":"https:\/\/www.velomobileworld.com\/faq\/puis-je-utiliser-le-m9-pour-mes-trajets-quotidiens\/#breadcrumb","itemListElement":[{"@type":"ListItem","position":1,"name":"Home","item":"https:\/\/www.velomobileworld.com\/fr\/"},{"@type":"ListItem","position":2,"name":"FAQ","item":"https:\/\/www.velomobileworld.com\/faq\/"},{"@type":"ListItem","position":3,"name":"Puis-je utiliser le M9 pour mes trajets quotidiens ?"}]},{"@type":"WebSite","@id":"https:\/\/www.velomobileworld.com\/nl\/#website","url":"https:\/\/www.velomobileworld.com\/nl\/","name":"Velomobile World","description":"","potentialAction":[{"@type":"SearchAction","target":{"@type":"EntryPoint","urlTemplate":"https:\/\/www.velomobileworld.com\/nl\/?s={search_term_string}"},"query-input":{"@type":"PropertyValueSpecification","valueRequired":true,"valueName":"search_term_string"}}],"inLanguage":"fr-FR"}]}</script>
<!-- / Yoast SEO plugin. -->

Le M9 est idéal pour les trajets quotidiens, offrant une protection contre les intempéries, un espace de rangement pour les [&hellip;]
