{"id":118341,"date":"2025-10-09T10:50:19","date_gmt":"2025-10-09T08:50:19","guid":{"rendered":"https:\/\/www.velomobileworld.com\/product\/siege-alpha\/"},"modified":"2025-10-09T10:50:19","modified_gmt":"2025-10-09T08:50:19","slug":"siege-alpha","status":"publish","type":"product","link":"https:\/\/www.velomobileworld.com\/fr\/product\/siege-alpha\/","title":{"rendered":"Si\u00e8ge Alpha"},"content":{"rendered":"<p data-path-to-node=\"1\"><b class=\"\" data-path-to-node=\"1\" data-index-in-node=\"0\">Si\u00e8ge Alpha disponible pour tous les mod\u00e8les : M, L, XL, et si\u00e8ge Ergo en M, L, XL.<\/b><\/p>\n","protected":false},"excerpt":{"rendered":"<p>Ce prix inclut les frais de port pour les pays de l&rsquo;UE.<br data-start=\"186\" data-end=\"189\" \/>Pour les autres pays, vous recevrez un e-mail avec les d\u00e9tails si nous ne parvenons pas \u00e0 trouver une option d&rsquo;exp\u00e9dition adapt\u00e9e \u00e0 ce tarif.<\/p>\n","protected":false},"featured_media":115653,"template":"","meta":{"_acf_changed":false},"product_brand":[],"product_cat":[996,997,998],"product_tag":[999],"class_list":{"0":"post-118341","1":"product","2":"type-product","3":"status-publish","4":"has-post-thumbnail","6":"product_cat-bulk-spare-parts-fr","7":"product_cat-parts-fr","8":"product_cat-spare-parts-others-fr","9":"product_tag-bulk-models-fr","11":"first","12":"instock","13":"taxable","14":"shipping-taxable","15":"purchasable","16":"product-type-simple"},"composite_virtual":false,"composite_layout":"","composite_add_to_cart_form_location":"","composite_editable_in_cart":false,"composite_sold_individually_context":"","composite_shop_price_calc":"","composite_components":[],"composite_scenarios":[],"bundled_by":[],"bundle_stock_status":"instock","bundle_stock_quantity":null,"bundle_virtual":false,"bundle_layout":"","bundle_add_to_cart_form_location":"","bundle_editable_in_cart":false,"bundle_sold_individually_context":"","bundle_item_grouping":"","bundle_min_size":"","bundle_max_size":"","bundle_price":[],"bundled_items":[],"bundle_sell_ids":[],"acf":[],"yoast_head":"<!-- This site is optimized with the Yoast SEO plugin v27.5 - https:\/\/yoast.com\/product\/yoast-seo-wordpress\/ -->\n<title>Si\u00e8ge Alpha - Velomobile World<\/title>\n<meta name=\"description\" content=\"Choisissez votre si\u00e8ge id\u00e9al - S\u00e9lectionnez le si\u00e8ge qui correspond \u00e0 votre taille, \u00e0 vos pr\u00e9f\u00e9rences de conduite et \u00e0 votre mod\u00e8le. Nos si\u00e8ges Alpha sunt disponibles en M, L et XL, offrant un confort optimal pour tous les mod\u00e8les. Vous pr\u00e9f\u00e9rez un soutien renforc\u00e9 ? Optez pour le si\u00e8ge Ergo, disponible en tailles M, L et XL, con\u00e7u pour plus d&#039;ergonomie et un confort maximal lors de longs trajets.\" \/>\n<meta name=\"robots\" content=\"index, follow, max-snippet:-1, max-image-preview:large, max-video-preview:-1\" \/>\n<link rel=\"canonical\" href=\"https:\/\/www.velomobileworld.com\/product\/alpha-seat\/\" \/>\n<meta property=\"og:locale\" content=\"fr_FR\" \/>\n<meta property=\"og:type\" content=\"article\" \/>\n<meta property=\"og:title\" content=\"Si\u00e8ge Alpha - Velomobile World\" \/>\n<meta property=\"og:description\" content=\"Choisissez votre si\u00e8ge id\u00e9al - S\u00e9lectionnez le si\u00e8ge qui correspond \u00e0 votre taille, \u00e0 vos pr\u00e9f\u00e9rences de conduite et \u00e0 votre mod\u00e8le. Nos si\u00e8ges Alpha sunt disponibles en M, L et XL, offrant un confort optimal pour tous les mod\u00e8les. Vous pr\u00e9f\u00e9rez un soutien renforc\u00e9 ? Optez pour le si\u00e8ge Ergo, disponible en tailles M, L et XL, con\u00e7u pour plus d&#039;ergonomie et un confort maximal lors de longs trajets.\" \/>\n<meta property=\"og:url\" content=\"https:\/\/www.velomobileworld.com\/product\/alpha-seat\/\" \/>\n<meta property=\"og:site_name\" content=\"Velomobile World\" \/>\n<meta property=\"og:image\" content=\"https:\/\/www.velomobileworld.com\/wp-content\/uploads\/2025\/10\/Product-Promotion-Photo-Collage-Instagram-Post-1.png\" \/>\n\t<meta property=\"og:image:width\" content=\"1080\" \/>\n\t<meta property=\"og:image:height\" content=\"1080\" \/>\n\t<meta property=\"og:image:type\" content=\"image\/png\" \/>\n<meta name=\"twitter:card\" content=\"summary_large_image\" \/>\n<script type=\"application\/ld+json\" class=\"yoast-schema-graph\">{\"@context\":\"https:\\\/\\\/schema.org\",\"@graph\":[{\"@type\":\"WebPage\",\"@id\":\"https:\\\/\\\/www.velomobileworld.com\\\/product\\\/alpha-seat\\\/\",\"url\":\"https:\\\/\\\/www.velomobileworld.com\\\/product\\\/alpha-seat\\\/\",\"name\":\"Si\u00e8ge Alpha - Velomobile World\",\"isPartOf\":{\"@id\":\"https:\\\/\\\/www.velomobileworld.com\\\/nl\\\/#website\"},\"primaryImageOfPage\":{\"@id\":\"https:\\\/\\\/www.velomobileworld.com\\\/product\\\/alpha-seat\\\/#primaryimage\"},\"image\":{\"@id\":\"https:\\\/\\\/www.velomobileworld.com\\\/product\\\/alpha-seat\\\/#primaryimage\"},\"thumbnailUrl\":\"https:\\\/\\\/www.velomobileworld.com\\\/wp-content\\\/uploads\\\/2025\\\/10\\\/Product-Promotion-Photo-Collage-Instagram-Post-1.png\",\"datePublished\":\"2025-10-09T08:50:19+00:00\",\"description\":\"Choisissez votre si\u00e8ge id\u00e9al - S\u00e9lectionnez le si\u00e8ge qui correspond \u00e0 votre taille, \u00e0 vos pr\u00e9f\u00e9rences de conduite et \u00e0 votre mod\u00e8le. Nos si\u00e8ges Alpha sunt disponibles en M, L et XL, offrant un confort optimal pour tous les mod\u00e8les. Vous pr\u00e9f\u00e9rez un soutien renforc\u00e9 ? Optez pour le si\u00e8ge Ergo, disponible en tailles M, L et XL, con\u00e7u pour plus d'ergonomie et un confort maximal lors de longs trajets.\",\"breadcrumb\":{\"@id\":\"https:\\\/\\\/www.velomobileworld.com\\\/product\\\/alpha-seat\\\/#breadcrumb\"},\"inLanguage\":\"fr-FR\",\"potentialAction\":[{\"@type\":\"ReadAction\",\"target\":[\"https:\\\/\\\/www.velomobileworld.com\\\/product\\\/alpha-seat\\\/\"]}]},{\"@type\":\"ImageObject\",\"inLanguage\":\"fr-FR\",\"@id\":\"https:\\\/\\\/www.velomobileworld.com\\\/product\\\/alpha-seat\\\/#primaryimage\",\"url\":\"https:\\\/\\\/www.velomobileworld.com\\\/wp-content\\\/uploads\\\/2025\\\/10\\\/Product-Promotion-Photo-Collage-Instagram-Post-1.png\",\"contentUrl\":\"https:\\\/\\\/www.velomobileworld.com\\\/wp-content\\\/uploads\\\/2025\\\/10\\\/Product-Promotion-Photo-Collage-Instagram-Post-1.png\",\"width\":1080,\"height\":1080},{\"@type\":\"BreadcrumbList\",\"@id\":\"https:\\\/\\\/www.velomobileworld.com\\\/product\\\/alpha-seat\\\/#breadcrumb\",\"itemListElement\":[{\"@type\":\"ListItem\",\"position\":1,\"name\":\"Home\",\"item\":\"https:\\\/\\\/www.velomobileworld.com\\\/fr\\\/\"},{\"@type\":\"ListItem\",\"position\":2,\"name\":\"Boutique\",\"item\":\"https:\\\/\\\/www.velomobileworld.com\\\/fr\\\/boutique\\\/\"},{\"@type\":\"ListItem\",\"position\":3,\"name\":\"Si\u00e8ge Alpha\"}]},{\"@type\":\"WebSite\",\"@id\":\"https:\\\/\\\/www.velomobileworld.com\\\/nl\\\/#website\",\"url\":\"https:\\\/\\\/www.velomobileworld.com\\\/nl\\\/\",\"name\":\"Velomobile World\",\"description\":\"\",\"potentialAction\":[{\"@type\":\"SearchAction\",\"target\":{\"@type\":\"EntryPoint\",\"urlTemplate\":\"https:\\\/\\\/www.velomobileworld.com\\\/nl\\\/?s={search_term_string}\"},\"query-input\":{\"@type\":\"PropertyValueSpecification\",\"valueRequired\":true,\"valueName\":\"search_term_string\"}}],\"inLanguage\":\"fr-FR\"}]}<\/script>\n<!-- \/ Yoast SEO plugin. -->","yoast_head_json":{"title":"Si\u00e8ge Alpha - Velomobile World","description":"Choisissez votre si\u00e8ge id\u00e9al - S\u00e9lectionnez le si\u00e8ge qui correspond \u00e0 votre taille, \u00e0 vos pr\u00e9f\u00e9rences de conduite et \u00e0 votre mod\u00e8le. Nos si\u00e8ges Alpha sunt disponibles en M, L et XL, offrant un confort optimal pour tous les mod\u00e8les. Vous pr\u00e9f\u00e9rez un soutien renforc\u00e9 ? Optez pour le si\u00e8ge Ergo, disponible en tailles M, L et XL, con\u00e7u pour plus d'ergonomie et un confort maximal lors de longs trajets.","robots":{"index":"index","follow":"follow","max-snippet":"max-snippet:-1","max-image-preview":"max-image-preview:large","max-video-preview":"max-video-preview:-1"},"canonical":"https:\/\/www.velomobileworld.com\/product\/alpha-seat\/","og_locale":"fr_FR","og_type":"article","og_title":"Si\u00e8ge Alpha - Velomobile World","og_description":"Choisissez votre si\u00e8ge id\u00e9al - S\u00e9lectionnez le si\u00e8ge qui correspond \u00e0 votre taille, \u00e0 vos pr\u00e9f\u00e9rences de conduite et \u00e0 votre mod\u00e8le. Nos si\u00e8ges Alpha sunt disponibles en M, L et XL, offrant un confort optimal pour tous les mod\u00e8les. Vous pr\u00e9f\u00e9rez un soutien renforc\u00e9 ? Optez pour le si\u00e8ge Ergo, disponible en tailles M, L et XL, con\u00e7u pour plus d'ergonomie et un confort maximal lors de longs trajets.","og_url":"https:\/\/www.velomobileworld.com\/product\/alpha-seat\/","og_site_name":"Velomobile World","og_image":[{"width":1080,"height":1080,"url":"https:\/\/www.velomobileworld.com\/wp-content\/uploads\/2025\/10\/Product-Promotion-Photo-Collage-Instagram-Post-1.png","type":"image\/png"}],"twitter_card":"summary_large_image","schema":{"@context":"https:\/\/schema.org","@graph":[{"@type":"WebPage","@id":"https:\/\/www.velomobileworld.com\/product\/alpha-seat\/","url":"https:\/\/www.velomobileworld.com\/product\/alpha-seat\/","name":"Si\u00e8ge Alpha - Velomobile World","isPartOf":{"@id":"https:\/\/www.velomobileworld.com\/nl\/#website"},"primaryImageOfPage":{"@id":"https:\/\/www.velomobileworld.com\/product\/alpha-seat\/#primaryimage"},"image":{"@id":"https:\/\/www.velomobileworld.com\/product\/alpha-seat\/#primaryimage"},"thumbnailUrl":"https:\/\/www.velomobileworld.com\/wp-content\/uploads\/2025\/10\/Product-Promotion-Photo-Collage-Instagram-Post-1.png","datePublished":"2025-10-09T08:50:19+00:00","description":"Choisissez votre si\u00e8ge id\u00e9al - S\u00e9lectionnez le si\u00e8ge qui correspond \u00e0 votre taille, \u00e0 vos pr\u00e9f\u00e9rences de conduite et \u00e0 votre mod\u00e8le. Nos si\u00e8ges Alpha sunt disponibles en M, L et XL, offrant un confort optimal pour tous les mod\u00e8les. Vous pr\u00e9f\u00e9rez un soutien renforc\u00e9 ? Optez pour le si\u00e8ge Ergo, disponible en tailles M, L et XL, con\u00e7u pour plus d'ergonomie et un confort maximal lors de longs trajets.","breadcrumb":{"@id":"https:\/\/www.velomobileworld.com\/product\/alpha-seat\/#breadcrumb"},"inLanguage":"fr-FR","potentialAction":[{"@type":"ReadAction","target":["https:\/\/www.velomobileworld.com\/product\/alpha-seat\/"]}]},{"@type":"ImageObject","inLanguage":"fr-FR","@id":"https:\/\/www.velomobileworld.com\/product\/alpha-seat\/#primaryimage","url":"https:\/\/www.velomobileworld.com\/wp-content\/uploads\/2025\/10\/Product-Promotion-Photo-Collage-Instagram-Post-1.png","contentUrl":"https:\/\/www.velomobileworld.com\/wp-content\/uploads\/2025\/10\/Product-Promotion-Photo-Collage-Instagram-Post-1.png","width":1080,"height":1080},{"@type":"BreadcrumbList","@id":"https:\/\/www.velomobileworld.com\/product\/alpha-seat\/#breadcrumb","itemListElement":[{"@type":"ListItem","position":1,"name":"Home","item":"https:\/\/www.velomobileworld.com\/fr\/"},{"@type":"ListItem","position":2,"name":"Boutique","item":"https:\/\/www.velomobileworld.com\/fr\/boutique\/"},{"@type":"ListItem","position":3,"name":"Si\u00e8ge Alpha"}]},{"@type":"WebSite","@id":"https:\/\/www.velomobileworld.com\/nl\/#website","url":"https:\/\/www.velomobileworld.com\/nl\/","name":"Velomobile World","description":"","potentialAction":[{"@type":"SearchAction","target":{"@type":"EntryPoint","urlTemplate":"https:\/\/www.velomobileworld.com\/nl\/?s={search_term_string}"},"query-input":{"@type":"PropertyValueSpecification","valueRequired":true,"valueName":"search_term_string"}}],"inLanguage":"fr-FR"}]}},"_links":{"self":[{"href":"https:\/\/www.velomobileworld.com\/fr\/wp-json\/wp\/v2\/product\/118341","targetHints":{"allow":["GET"]}}],"collection":[{"href":"https:\/\/www.velomobileworld.com\/fr\/wp-json\/wp\/v2\/product"}],"about":[{"href":"https:\/\/www.velomobileworld.com\/fr\/wp-json\/wp\/v2\/types\/product"}],"wp:featuredmedia":[{"embeddable":true,"href":"https:\/\/www.velomobileworld.com\/fr\/wp-json\/wp\/v2\/media\/115653"}],"wp:attachment":[{"href":"https:\/\/www.velomobileworld.com\/fr\/wp-json\/wp\/v2\/media?parent=118341"}],"wp:term":[{"taxonomy":"product_brand","embeddable":true,"href":"https:\/\/www.velomobileworld.com\/fr\/wp-json\/wp\/v2\/product_brand?post=118341"},{"taxonomy":"product_cat","embeddable":true,"href":"https:\/\/www.velomobileworld.com\/fr\/wp-json\/wp\/v2\/product_cat?post=118341"},{"taxonomy":"product_tag","embeddable":true,"href":"https:\/\/www.velomobileworld.com\/fr\/wp-json\/wp\/v2\/product_tag?post=118341"}],"curies":[{"name":"wp","href":"https:\/\/api.w.org\/{rel}","templated":true}]}}

Siège Alpha

<p data-path-to-node="1"><b class="" data-path-to-node="1" data-index-in-node="0">Siège Alpha disponible pour tous les modèles : M, L, XL, et siège Ergo en M, L, XL.</b></p>

<p>Ce prix inclut les frais de port pour les pays de l&rsquo;UE.<br data-start="186" data-end="189" />Pour les autres pays, vous recevrez un e-mail avec les détails si nous ne parvenons pas à trouver une option d&rsquo;expédition adaptée à ce tarif.</p>

<!-- This site is optimized with the Yoast SEO plugin v27.5 - https://yoast.com/product/yoast-seo-wordpress/ -->
<title>Siège Alpha - Velomobile World</title>
<meta name="description" content="Choisissez votre siège idéal - Sélectionnez le siège qui correspond à votre taille, à vos préférences de conduite et à votre modèle. Nos sièges Alpha sunt disponibles en M, L et XL, offrant un confort optimal pour tous les modèles. Vous préférez un soutien renforcé ? Optez pour le siège Ergo, disponible en tailles M, L et XL, conçu pour plus d&#039;ergonomie et un confort maximal lors de longs trajets." />
<meta name="robots" content="index, follow, max-snippet:-1, max-image-preview:large, max-video-preview:-1" />
<link rel="canonical" href="https://www.velomobileworld.com/product/alpha-seat/" />
<meta property="og:locale" content="fr_FR" />
<meta property="og:type" content="article" />
<meta property="og:title" content="Siège Alpha - Velomobile World" />
<meta property="og:description" content="Choisissez votre siège idéal - Sélectionnez le siège qui correspond à votre taille, à vos préférences de conduite et à votre modèle. Nos sièges Alpha sunt disponibles en M, L et XL, offrant un confort optimal pour tous les modèles. Vous préférez un soutien renforcé ? Optez pour le siège Ergo, disponible en tailles M, L et XL, conçu pour plus d&#039;ergonomie et un confort maximal lors de longs trajets." />
<meta property="og:url" content="https://www.velomobileworld.com/product/alpha-seat/" />
<meta property="og:site_name" content="Velomobile World" />
<meta property="og:image" content="https://www.velomobileworld.com/wp-content/uploads/2025/10/Product-Promotion-Photo-Collage-Instagram-Post-1.png" />
	<meta property="og:image:width" content="1080" />
	<meta property="og:image:height" content="1080" />
	<meta property="og:image:type" content="image/png" />
<meta name="twitter:card" content="summary_large_image" />
<script type="application/ld+json" class="yoast-schema-graph">{"@context":"https:\/\/schema.org","@graph":[{"@type":"WebPage","@id":"https:\/\/www.velomobileworld.com\/product\/alpha-seat\/","url":"https:\/\/www.velomobileworld.com\/product\/alpha-seat\/","name":"Siège Alpha - Velomobile World","isPartOf":{"@id":"https:\/\/www.velomobileworld.com\/nl\/#website"},"primaryImageOfPage":{"@id":"https:\/\/www.velomobileworld.com\/product\/alpha-seat\/#primaryimage"},"image":{"@id":"https:\/\/www.velomobileworld.com\/product\/alpha-seat\/#primaryimage"},"thumbnailUrl":"https:\/\/www.velomobileworld.com\/wp-content\/uploads\/2025\/10\/Product-Promotion-Photo-Collage-Instagram-Post-1.png","datePublished":"2025-10-09T08:50:19+00:00","description":"Choisissez votre siège idéal - Sélectionnez le siège qui correspond à votre taille, à vos préférences de conduite et à votre modèle. Nos sièges Alpha sunt disponibles en M, L et XL, offrant un confort optimal pour tous les modèles. Vous préférez un soutien renforcé ? Optez pour le siège Ergo, disponible en tailles M, L et XL, conçu pour plus d'ergonomie et un confort maximal lors de longs trajets.","breadcrumb":{"@id":"https:\/\/www.velomobileworld.com\/product\/alpha-seat\/#breadcrumb"},"inLanguage":"fr-FR","potentialAction":[{"@type":"ReadAction","target":["https:\/\/www.velomobileworld.com\/product\/alpha-seat\/"]}]},{"@type":"ImageObject","inLanguage":"fr-FR","@id":"https:\/\/www.velomobileworld.com\/product\/alpha-seat\/#primaryimage","url":"https:\/\/www.velomobileworld.com\/wp-content\/uploads\/2025\/10\/Product-Promotion-Photo-Collage-Instagram-Post-1.png","contentUrl":"https:\/\/www.velomobileworld.com\/wp-content\/uploads\/2025\/10\/Product-Promotion-Photo-Collage-Instagram-Post-1.png","width":1080,"height":1080},{"@type":"BreadcrumbList","@id":"https:\/\/www.velomobileworld.com\/product\/alpha-seat\/#breadcrumb","itemListElement":[{"@type":"ListItem","position":1,"name":"Home","item":"https:\/\/www.velomobileworld.com\/fr\/"},{"@type":"ListItem","position":2,"name":"Boutique","item":"https:\/\/www.velomobileworld.com\/fr\/boutique\/"},{"@type":"ListItem","position":3,"name":"Siège Alpha"}]},{"@type":"WebSite","@id":"https:\/\/www.velomobileworld.com\/nl\/#website","url":"https:\/\/www.velomobileworld.com\/nl\/","name":"Velomobile World","description":"","potentialAction":[{"@type":"SearchAction","target":{"@type":"EntryPoint","urlTemplate":"https:\/\/www.velomobileworld.com\/nl\/?s={search_term_string}"},"query-input":{"@type":"PropertyValueSpecification","valueRequired":true,"valueName":"search_term_string"}}],"inLanguage":"fr-FR"}]}</script>
<!-- / Yoast SEO plugin. -->

Siège Alpha - Velomobile World

Choisissez votre siège idéal - Sélectionnez le siège qui correspond à votre taille, à vos préférences de conduite et à votre modèle. Nos sièges Alpha sunt disponibles en M, L et XL, offrant un confort optimal pour tous les modèles. Vous préférez un soutien renforcé ? Optez pour le siège Ergo, disponible en tailles M, L et XL, conçu pour plus d'ergonomie et un confort maximal lors de longs trajets.
